{"id":759,"date":"2017-10-31T14:00:43","date_gmt":"2017-10-31T13:00:43","guid":{"rendered":"http:\/\/caritas.diecezja.wloclawek.pl\/?page_id=759"},"modified":"2017-11-22T08:41:10","modified_gmt":"2017-11-22T07:41:10","slug":"759-2","status":"publish","type":"page","link":"http:\/\/caritas.diecezja.wloclawek.pl\/?page_id=759","title":{"rendered":""},"content":{"rendered":"<p><a href=\"http:\/\/caritas.diecezja.wloclawek.pl\/wp-content\/uploads\/2017\/11\/2017-zapytanie-ofertowe.pdf\">Og\u0142oszenie<\/a><\/p>\n<p>Za\u0142\u0105czniki<\/p>\n<p><a href=\"http:\/\/caritas.diecezja.wloclawek.pl\/wp-content\/uploads\/2017\/11\/Za\u0142\u0105cznik_1_formularz_ofertowy.docx\">1,\u00a0<\/a><a href=\"http:\/\/caritas.diecezja.wloclawek.pl\/wp-content\/uploads\/2017\/11\/Za\u0142\u0105cznik_2-modu\u0142y_wartsztatowe.docx\">2,\u00a0<\/a><a href=\"http:\/\/caritas.diecezja.wloclawek.pl\/wp-content\/uploads\/2017\/11\/Za\u0142\u0105cznik_3-wykszta\u0142cenie.docx\">3,\u00a0<\/a><a href=\"http:\/\/caritas.diecezja.wloclawek.pl\/wp-content\/uploads\/2017\/11\/Za\u0142\u0105cznik-4_do\u015bwiadczenie.docx\">4,\u00a0<\/a><a href=\"http:\/\/caritas.diecezja.wloclawek.pl\/wp-content\/uploads\/2017\/11\/Zalacznik_5_oswiadczenie_o_braku_powiazan_kapitalowych_lub_osobowych.docx\">5,\u00a0<\/a><a href=\"http:\/\/caritas.diecezja.wloclawek.pl\/wp-content\/uploads\/2017\/11\/Za\u0142\u0105cznik_6-o\u015bwiadczenie.docx\">6<\/a><\/p>\n<p><a href=\"http:\/\/caritas.diecezja.wloclawek.pl\/wp-content\/uploads\/2017\/11\/2017-informacja-o-wyborze-Wykonawcy-warsztat\u00f3w.pdf\">Informacja dotycz\u0105ca wyboru Wykonawcy<\/a><\/p>\n","protected":false},"excerpt":{"rendered":"<p>&#46;&#46;&#46;<\/p>\n","protected":false},"author":1,"featured_media":0,"parent":0,"menu_order":0,"comment_status":"closed","ping_status":"closed","template":"","meta":[],"_links":{"self":[{"href":"http:\/\/caritas.diecezja.wloclawek.pl\/index.php?rest_route=\/wp\/v2\/pages\/759"}],"collection":[{"href":"http:\/\/caritas.diecezja.wloclawek.pl\/index.php?rest_route=\/wp\/v2\/pages"}],"about":[{"href":"http:\/\/caritas.diecezja.wloclawek.pl\/index.php?rest_route=\/wp\/v2\/types\/page"}],"author":[{"embeddable":true,"href":"http:\/\/caritas.diecezja.wloclawek.pl\/index.php?rest_route=\/wp\/v2\/users\/1"}],"replies":[{"embeddable":true,"href":"http:\/\/caritas.diecezja.wloclawek.pl\/index.php?rest_route=%2Fwp%2Fv2%2Fcomments&post=759"}],"version-history":[{"count":12,"href":"http:\/\/caritas.diecezja.wloclawek.pl\/index.php?rest_route=\/wp\/v2\/pages\/759\/revisions"}],"predecessor-version":[{"id":791,"href":"http:\/\/caritas.diecezja.wloclawek.pl\/index.php?rest_route=\/wp\/v2\/pages\/759\/revisions\/791"}],"wp:attachment":[{"href":"http:\/\/caritas.diecezja.wloclawek.pl\/index.php?rest_route=%2Fwp%2Fv2%2Fmedia&parent=759"}],"curies":[{"name":"wp","href":"https:\/\/api.w.org\/{rel}","templated":true}]}}

<p><a href="http://caritas.diecezja.wloclawek.pl/wp-content/uploads/2017/11/2017-zapytanie-ofertowe.pdf">Ogłoszenie</a></p>
<p>Załączniki</p>
<p><a href="http://caritas.diecezja.wloclawek.pl/wp-content/uploads/2017/11/Załącznik_1_formularz_ofertowy.docx">1, </a><a href="http://caritas.diecezja.wloclawek.pl/wp-content/uploads/2017/11/Załącznik_2-moduły_wartsztatowe.docx">2, </a><a href="http://caritas.diecezja.wloclawek.pl/wp-content/uploads/2017/11/Załącznik_3-wykształcenie.docx">3, </a><a href="http://caritas.diecezja.wloclawek.pl/wp-content/uploads/2017/11/Załącznik-4_doświadczenie.docx">4, </a><a href="http://caritas.diecezja.wloclawek.pl/wp-content/uploads/2017/11/Zalacznik_5_oswiadczenie_o_braku_powiazan_kapitalowych_lub_osobowych.docx">5, </a><a href="http://caritas.diecezja.wloclawek.pl/wp-content/uploads/2017/11/Załącznik_6-oświadczenie.docx">6</a></p>
<p><a href="http://caritas.diecezja.wloclawek.pl/wp-content/uploads/2017/11/2017-informacja-o-wyborze-Wykonawcy-warsztatów.pdf">Informacja dotycząca wyboru Wykonawcy</a></p>
